base 16, what is -3 + -85f3?
-85f6
In base 2, what is -1 - -1100101101010?
1100101101001
In base 10, what is -665 - 721?
-1386
In base 10, what is -1402 - 311?
-1713
In base 12, what is 179 - 5402?
-5245
In base 7, what is 1 + -1231164?
-1231163
In base 11, what is -4 - 1aa0?
-1aa4
In base 4, what is 2 - -11123232?
11123300
In base 7, what is 2342 + -2344?
-2
In base 14, what is -c - 8c6?
-8d4
In base 6, what is 2255044 - -5?
2255053
In base 8, what is 2 + 12660?
12662
In base 12, what is a + -2a53?
-2a45
In base 6, what is 2 - -1004045?
1004051
In base 6, what is -3 - -3344415?
3344412
In base 13, what is -184ba7 - 6?
-184bb0
In base 14, what is 6 - 1366?
-1360
In base 2, what is 10 + -100110111000101?
-100110111000011
In base 9, what is 2 - -16467?
16470
In base 16, what is -4063 - -39?
-402a
In base 6, what is -3403554 - -11?
-3403543
In base 7, what is 3 + -125203?
-125200
In base 8, what is -11454653 + -1?
-11454654
In base 2, what is 11010011110111 + -1101?
11010011101010
In base 9, what is 645170 + 2?
645172
In base 13, what is 3 - 139ab?
-139a8
In base 4, what is -1333 + -12130?
-20123
In base 3, what is 2100222 + 202?
2101201
In base 3, what is -11 - 10221100222?
-10221101010
In base 2, what is -111011101111 + -101000010?
-1000000110001
In base 13, what is -1b0 - -9a?
-113
In base 16, what is -59d - -10?
-58d
In base 2, what is -1101110101 - 1010001?
-1111000110
In base 5, what is -3 - 230140?
-230143
In base 5, what is 232121 + 12?
232133
In base 7, what is 2006 - 34010?
-32001
In base 8, what is 3 + 60373?
60376
In base 2, what is -1110000110000 - -101100?
-1110000000100
In base 15, what is 0 - 13d6?
-13d6
In base 7, what is 0 + -3034133?
-3034133
In base 13, what is -138 + -3142?
-327a
In base 6, what is 135 - 0?
135
In base 11, what is a38 + -61?
987
In base 8, what is -33 + -526?
-561
In base 4, what is -1311111202 + -11?
-1311111213
In base 10, what is 305 + -1768?
-1463
In base 13, what is -196 + -3a9?
-572
In base 9, what is -8 - -15502?
15483
In base 7, what is -66 + 10106?
10010
In base 7, what is -134466 - -3?
-134463
In base 4, what is -3 + -310013?
-310022
In base 2, what is -1000 - 1000010?
-1001010
In base 10, what is -2963 - -212?
-2751
In base 10, what is -10 - -70?
60
In base 3, what is 11 - -1021110?
1021121
In base 2, what is -1001010001010 - 0?
-1001010001010
In base 13, what is -13aca - 6?
-13b03
In base 13, what is 3 + 106124?
106127
In base 10, what is 343262 + 4?
343266
In base 12, what is 106 - 66a?
-564
In base 10, what is -5 + 83639?
83634
In base 4, what is 22202302 + 0?
22202302
In base 11, what is -25084 - 4?
-25088
In base 10, what is 2 + -19710?
-19708
In base 11, what is -2 - a044?
-a046
In base 5, what is -14432 + -1211?
-21143
In base 9, what is 641 + 110?
751
In base 3, what is -1000211 + 1122?
-222012
In base 2, what is 111101000010110110 + 1?
111101000010110111
In base 2, what is -1001 - 1011000000111?
-1011000010000
In base 14, what is -40 + 214?
1b4
In base 9, what is 48 - -5?
54
In base 3, what is 101210210 - -11?
101210221
In base 12, what is 1b - 12?
9
In base 7, what is 11015 - 4?
11011
In base 9, what is -747 - -458?
-278
In base 11, what is -59 + 9051?
8aa3
In base 16, what is 3aada + -1?
3aad9
In base 11, what is -47 - -1842?
17a6
In base 13, what is -19 - 7a1?
-7ba
In base 11, what is 237a - 0?
237a
In base 4, what is 1 + 11323213?
11323220
In base 3, what is -20 - 2012000?
-2012020
In base 15, what is -219 + 2d?
-1db
In base 9, what is 32142 + -8?
32133
In base 7, what is 3 + -4465610?
-4465604
In base 9, what is 5 + -21552?
-21546
In base 15, what is 2b - -551?
57c
In base 14, what is 288401 + 3?
288404
In base 4, what is 210132 - 202223?
1303
In base 9, what is -1 - -26708?
26707
In base 15, what is 3e + 47c9?
4818
In base 2, what is -101000101111 + -110010010?
-101111000001
In base 8, what is -4355 + 41?
-4314
In base 5, what is -3 - -133014?
133011
In base 5, what is 1112244 + -21?
1112223
In base 12, what is -6385a + -4?
-63862
In base 7, what is 36436 - -14?
36453
In base 3, what is -100 - 2012011?
-2012111
In base 11, what is 1987 - 26?
1961
In base 9, what is -1516 - -14?
-1502
In base 2, what is -111001110 + 100001?
-110101101
In base 16, what is 8e0d + f?
8e1c
In base 8, what is 1157 - -2103?
3262
In base 5, what is -2010 + 1010?
-1000
In base 6, what is 204 - -2130?
2334
In base 10, what is 11211 + 116?
11327
In base 3, what is 200102 - 11202?
111200
In base 11, what is 557 + -435?
122
In base 6, what is 310103 + 352?
310455
In base 10, what is -967856 + 4?
-967852
In base 4, what is -2232210331 - -3?
-2232210322
In base 16, what is 13 + 3c4e?
3c61
In base 12, what is 230 + -59a?
-36a
In base 5, what is -101003 - 133?
-101141
In base 6, what is 1 + -10523115?
-10523114
In base 11, what is 393a05 - 2?
393a03
In base 5, what is -3400 - 3431?
-12331
In base 13, what is 2c119 - -5?
2c121
In base 9, what is -127087 - 1?
-127088
In base 11, what is -102284 - -4?
-102280
In base 15, what is -6 - -8718?
8712
In base 8, what is -11 - -1031633?
1031622
In base 2, what is -1101 - 110001111?
-110011100
In base 16, what is 36c9 + -24?
36a5
In base 11, what is 1 + 68354?
68355
In base 2, what is -10010 - -101111100111001?
101111100100111
In base 7, what is 50 - -354636?
355016
In base 4, what is 10001132 - 1?
10001131
In base 13, what is 73b3 - 18?
7398
In base 15, what is 83b0 + -7?
83a8
In base 3, what is 1011002 - 102100?
201202
In base 8, what is 750 - 60?
670
In base 11, what is 365664 - 2?
365662
In base 12, what is -10909 - -9?
-10900
In base 5, what is -304410 + 0?
-304410
In base 8, what is 141547 + -2?
141545
In base 2, what is -10111100 + -1101001111?
-10000001011
In base 14, what is -3 - 37a5?
-37a8
In base 4, what is 21321 + -11031?
10230
In base 2, what is 1100011 - 1101010011000101?
-1101010001100010
In base 14, what is -9 + -11b6cb?
-11b6d6
In base 9, what is -133 + -1371?
-1514
In base 13, what is 2 - 5a397?
-5a395
In base 3, what is 1 + 211102120?
211102121
In base 4, what is 3123 - -302?
10031
In base 5, what is 2031 - 130?
1401
In base 6, what is -3 + -13500020?
-13500023
In base 10, what is -7650 + 0?
-7650
In base 7, what is 62435 + -244?
62161
In base 16, what is -bbbc - 4?
-bbc0
In base 7, what is 1 + 221411?
221412
In base 3, what is -2 - 20110021221?
-20110022000
In base 15, what is -908b4 + -11?
-908c5
In base 7, what is 30634 - 414?
30220
In base 8, what is 50 + 23224?
23274
In base 2, what is -1000001101001010111 + -10?
-1000001101001011001
In base 13, what is -442 - -60?
-3b2
In base 4, what is 1113 - 30113?
-23000
In base 14, what is 2 - -246a2?
246a4
In base 14, what is 1919a - -1?
1919b
In base 9, what is -5 + -6122?
-6127
In base 3, what is -10 - 2111100220?
-2111101000
In base 14, what is 3 + -1ada4?
-1ada1
In base 9, what is 5 - 23421?
-23415
In base 12, what is 3 + 26ab50?
26ab53
In base 9, what is 72 - -21867?
22050
In base 10, what is 8038 + 3?
8041
In base 13, what is 5 - -347a?
3482
In base 12, what is 776 - -755?
130b
In base 12, what is 5 - -2a1b2?
2a1b7
In base 11, what is 166 - -2393?
2549
In base 8, what is 36 + -70353?
-70315
In base 10, what is -2 + -6118?
-6120
In base 8, what is 2 - 17531?
-17527
In base 6, what is -2 + 302054?
302052
In base 10, what is 53 - 89?
-36
In base 8, what is 32277 - -5?
32304
In base 15, what is 16 - -1b2?
1c8
In base 5, what is 3 + -123224?
-123221
In base 15, what is a - 1e920?
-1e915
In base 11, what is -1 + a25383?
a25382
In base 5, what is -2 - 1234222?
-1234224
In base 11, what is -1102 + 31?
-1081
In base 16, what is -6 + -f8b?
-f91
In base 8, what is -16 + 403?
365
In base 16, what is -30 - ba8f?
-babf
In base 15, what is -4 - -3b76c?
3b768
In base 9, what is -126 + 3463?
3336
In base 14, what is 830 - 259?
5b5
In base 13, what is 8 + 585b?
5866
In base 14, what is 35acbd - -1?
35acc0
In base 3, what is -22101102122 + 10?
-22101102112
In base 15, what is -5 - -26b8c?
26b87
In base 15, what is -6dada - 4?
-6dade
In base 8, what is -13 + 204024?
204011
In base 11, what is 581 - -4406?
4987
In base 13, what is 1 - -70b1?
70b2
In base 10, what is 6313 + 34?
6347
In base 5, what is -442 - -42240?
41243
In base 4, what is 1320220 + 100?
1320320
In base 3, what is -110201111 - 10121?
-110212002
In base 2, 